{"id":1238,"date":"2019-02-26T12:25:22","date_gmt":"2019-02-26T11:25:22","guid":{"rendered":"https:\/\/territorisxlm.com\/equip\/laura-belenguer\/"},"modified":"2020-12-11T14:26:26","modified_gmt":"2020-12-11T13:26:26","slug":"laura-belenguer","status":"publish","type":"txlmteam","link":"https:\/\/territorisxlm.com\/es\/equip\/laura-belenguer\/","title":{"rendered":"Laura Belenguer"},"content":{"rendered":"<p>Arquitecta por la Escuela T\u00e9cnica Superior de Arquitectura del Vall\u00e9s (UPC) desde el a\u00f1o 2016, ha cursado un a\u00f1o en la Escuela de Arquitectura y Sociedad del Politecnico di Milano y el M\u00e1ster en Estudios Territoriales y de la Poblaci\u00f3n de la Universidad Aut\u00f3noma de Barcelona. Ha colaborado en distintos estudios de arquitectura y urbanismo, incorpor\u00e1ndose en febrero de 2018 al equipo de TerritorisXLM, participando en la elaboraci\u00f3n de estudios y proyectos de territorio, ciudad y paisaje, especializ\u00e1ndose en la creaci\u00f3n y desarrollo de Sistemas de Informaci\u00f3n Geogr\u00e1fica (SIG).<\/p>\n","protected":false},"author":4,"featured_media":0,"template":"","taxbusinessposition":[57],"acf":[],"_links":{"self":[{"href":"https:\/\/territorisxlm.com\/es\/wp-json\/wp\/v2\/txlmteam\/1238"}],"collection":[{"href":"https:\/\/territorisxlm.com\/es\/wp-json\/wp\/v2\/txlmteam"}],"about":[{"href":"https:\/\/territorisxlm.com\/es\/wp-json\/wp\/v2\/types\/txlmteam"}],"author":[{"embeddable":true,"href":"https:\/\/territorisxlm.com\/es\/wp-json\/wp\/v2\/users\/4"}],"wp:attachment":[{"href":"https:\/\/territorisxlm.com\/es\/wp-json\/wp\/v2\/media?parent=1238"}],"wp:term":[{"taxonomy":"taxbusinessposition","embeddable":true,"href":"https:\/\/territorisxlm.com\/es\/wp-json\/wp\/v2\/taxbusinessposition?post=1238"}],"curies":[{"name":"wp","href":"https:\/\/api.w.org\/{rel}","templated":true}]}}

<p>Arquitecta por la Escuela Técnica Superior de Arquitectura del Vallés (UPC) desde el año 2016, ha cursado un año en la Escuela de Arquitectura y Sociedad del Politecnico di Milano y el Máster en Estudios Territoriales y de la Población de la Universidad Autónoma de Barcelona. Ha colaborado en distintos estudios de arquitectura y urbanismo, incorporándose en febrero de 2018 al equipo de TerritorisXLM, participando en la elaboración de estudios y proyectos de territorio, ciudad y paisaje, especializándose en la creación y desarrollo de Sistemas de Información Geográfica (SIG).</p>
