{"id":1264,"date":"2020-12-11T14:53:43","date_gmt":"2020-12-11T13:53:43","guid":{"rendered":"https:\/\/territorisxlm.com\/?post_type=txlmteam&#038;p=1264"},"modified":"2020-12-11T14:53:43","modified_gmt":"2020-12-11T13:53:43","slug":"medio-ambiente-y-paisaje","status":"publish","type":"txlmteam","link":"https:\/\/territorisxlm.com\/es\/equip\/medio-ambiente-y-paisaje\/","title":{"rendered":"Medio ambiente y paisaje"},"content":{"rendered":"<p>Anna Zahonero, bi\u00f3loga, Sergi Abell\u00e1n, ingeniero t\u00e9cnico agr\u00edcola. (AZ) estudios y proyectos de medio ambiente y paisaje.<\/p>\n<p>Jansana, de la Villa, de Paauw, Arquitectes SLP<\/p>\n","protected":false},"author":3,"featured_media":0,"template":"","taxbusinessposition":[54],"acf":[],"_links":{"self":[{"href":"https:\/\/territorisxlm.com\/es\/wp-json\/wp\/v2\/txlmteam\/1264"}],"collection":[{"href":"https:\/\/territorisxlm.com\/es\/wp-json\/wp\/v2\/txlmteam"}],"about":[{"href":"https:\/\/territorisxlm.com\/es\/wp-json\/wp\/v2\/types\/txlmteam"}],"author":[{"embeddable":true,"href":"https:\/\/territorisxlm.com\/es\/wp-json\/wp\/v2\/users\/3"}],"wp:attachment":[{"href":"https:\/\/territorisxlm.com\/es\/wp-json\/wp\/v2\/media?parent=1264"}],"wp:term":[{"taxonomy":"taxbusinessposition","embeddable":true,"href":"https:\/\/territorisxlm.com\/es\/wp-json\/wp\/v2\/taxbusinessposition?post=1264"}],"curies":[{"name":"wp","href":"https:\/\/api.w.org\/{rel}","templated":true}]}}

<p>Anna Zahonero, bióloga, Sergi Abellán, ingeniero técnico agrícola. (AZ) estudios y proyectos de medio ambiente y paisaje.</p>
<p>Jansana, de la Villa, de Paauw, Arquitectes SLP</p>
