{"id":2554,"date":"2015-11-26T13:45:49","date_gmt":"2015-11-26T12:45:49","guid":{"rendered":"https:\/\/territorisxlm.com\/equip\/joana-pinol-susperregui-2\/"},"modified":"2025-10-08T13:44:42","modified_gmt":"2025-10-08T11:44:42","slug":"joana-pinol-susperregui-2","status":"publish","type":"txlmteam","link":"https:\/\/territorisxlm.com\/es\/equip\/joana-pinol-susperregui-2\/","title":{"rendered":"Joana Pi\u00f1ol Susperregui"},"content":{"rendered":"\n<p>Arquitecta-urbanista por la Escuela T\u00e9cnica Superior de Arquitectura de Barcelona, y M\u00e1ster en Proyectaci\u00f3n Urban\u00edstica de la Universidad Polit\u00e9cnica de Catalu\u00f1a. <\/p>\n\n<p>Experiencia en el desarrollo y coordinaci\u00f3n de proyectos de planeamiento urban\u00edstico, tanto general como derivado, as\u00ed como en proyectos de espacio p\u00fablico. Especialista en la forma e identidad del territorio, y en la relaci\u00f3n entre las ciudades y los espacios naturales abiertos, para su puesta en valor.<\/p>\n\n<p>Se incorpora al equipo de TerritorisXLM en junio de 2025 para trabajar en proyectos urbanos, territoriales y paisaj\u00edsticos, con un enfoque sensible a la realidad e identidad del territorio.<\/p>\n","protected":false},"author":4,"featured_media":0,"template":"","taxbusinessposition":[53],"acf":[],"_links":{"self":[{"href":"https:\/\/territorisxlm.com\/es\/wp-json\/wp\/v2\/txlmteam\/2554"}],"collection":[{"href":"https:\/\/territorisxlm.com\/es\/wp-json\/wp\/v2\/txlmteam"}],"about":[{"href":"https:\/\/territorisxlm.com\/es\/wp-json\/wp\/v2\/types\/txlmteam"}],"author":[{"embeddable":true,"href":"https:\/\/territorisxlm.com\/es\/wp-json\/wp\/v2\/users\/4"}],"wp:attachment":[{"href":"https:\/\/territorisxlm.com\/es\/wp-json\/wp\/v2\/media?parent=2554"}],"wp:term":[{"taxonomy":"taxbusinessposition","embeddable":true,"href":"https:\/\/territorisxlm.com\/es\/wp-json\/wp\/v2\/taxbusinessposition?post=2554"}],"curies":[{"name":"wp","href":"https:\/\/api.w.org\/{rel}","templated":true}]}}

Joana Piñol Susperregui

<p>Arquitecta-urbanista por la Escuela Técnica Superior de Arquitectura de Barcelona, y Máster en Proyectación Urbanística de la Universidad Politécnica de Cataluña. </p>

<p>Experiencia en el desarrollo y coordinación de proyectos de planeamiento urbanístico, tanto general como derivado, así como en proyectos de espacio público. Especialista en la forma e identidad del territorio, y en la relación entre las ciudades y los espacios naturales abiertos, para su puesta en valor.</p>

<p>Se incorpora al equipo de TerritorisXLM en junio de 2025 para trabajar en proyectos urbanos, territoriales y paisajísticos, con un enfoque sensible a la realidad e identidad del territorio.</p>
